{"id":718,"date":"2022-11-20T21:17:16","date_gmt":"2022-11-21T03:17:16","guid":{"rendered":"https:\/\/www.masflores.com.mx\/monterrey\/?post_type=product&#038;p=718"},"modified":"2026-02-18T14:31:47","modified_gmt":"2026-02-18T20:31:47","slug":"canasta-hawaii","status":"publish","type":"product","link":"https:\/\/www.masflores.com.mx\/monterrey\/index.php\/producto\/canasta-hawaii\/","title":{"rendered":"Canasta Hawaii"},"content":{"rendered":"<p>Anturios, aves del paraiso, lilis y finos follajes con fruta de la estaci\u00f3n en canasta.<\/p>\n<p>Si te gustar\u00eda a\u00f1adir un globo o chocolates visita la secci\u00f3n de extras. No olvides a\u00f1adir un mensaje al final de tu pedido.<\/p>\n","protected":false},"excerpt":{"rendered":"<p>Anturios, aves del paraiso, lilis y finos follajes con fruta de la estaci\u00f3n en canasta. Si te gustar\u00eda a\u00f1adir un globo o chocolates visita la secci\u00f3n de extras. No olvides a\u00f1adir un mensaje al final de tu pedido.<\/p>\n","protected":false},"featured_media":719,"template":"","meta":[],"product_brand":[],"product_cat":[37],"product_tag":[],"class_list":{"0":"post-718","1":"product","2":"type-product","3":"status-publish","4":"has-post-thumbnail","6":"product_cat-frutales","8":"first","9":"instock","10":"taxable","11":"shipping-taxable","12":"purchasable","13":"product-type-simple"},"jetpack_sharing_enabled":true,"_links":{"self":[{"href":"https:\/\/www.masflores.com.mx\/monterrey\/index.php\/wp-json\/wp\/v2\/product\/718","targetHints":{"allow":["GET"]}}],"collection":[{"href":"https:\/\/www.masflores.com.mx\/monterrey\/index.php\/wp-json\/wp\/v2\/product"}],"about":[{"href":"https:\/\/www.masflores.com.mx\/monterrey\/index.php\/wp-json\/wp\/v2\/types\/product"}],"wp:featuredmedia":[{"embeddable":true,"href":"https:\/\/www.masflores.com.mx\/monterrey\/index.php\/wp-json\/wp\/v2\/media\/719"}],"wp:attachment":[{"href":"https:\/\/www.masflores.com.mx\/monterrey\/index.php\/wp-json\/wp\/v2\/media?parent=718"}],"wp:term":[{"taxonomy":"product_brand","embeddable":true,"href":"https:\/\/www.masflores.com.mx\/monterrey\/index.php\/wp-json\/wp\/v2\/product_brand?post=718"},{"taxonomy":"product_cat","embeddable":true,"href":"https:\/\/www.masflores.com.mx\/monterrey\/index.php\/wp-json\/wp\/v2\/product_cat?post=718"},{"taxonomy":"product_tag","embeddable":true,"href":"https:\/\/www.masflores.com.mx\/monterrey\/index.php\/wp-json\/wp\/v2\/product_tag?post=718"}],"curies":[{"name":"wp","href":"https:\/\/api.w.org\/{rel}","templated":true}]}}