{"id":669,"date":"2022-11-13T21:45:13","date_gmt":"2022-11-14T03:45:13","guid":{"rendered":"https:\/\/www.masflores.com.mx\/monterrey\/?post_type=product&#038;p=669"},"modified":"2026-05-13T13:42:49","modified_gmt":"2026-05-13T19:42:49","slug":"mejorate-pronto-02","status":"publish","type":"product","link":"https:\/\/www.masflores.com.mx\/monterrey\/index.php\/producto\/mejorate-pronto-02\/","title":{"rendered":"Mej\u00f3rate Pronto 02"},"content":{"rendered":"<p>Arreglo de globos con helio: 2 globo de 18 pulgadas tema &#8220;Get Well&#8221; y 6 globos de latex de 9 pulgadas en colores surtidos, se sujetan a una pesa que consta de un globlo con agua forrado en papel de china de colores acordes al globo principal.<\/p>\n<p>Nota. El dise\u00f1o de estampado del globo tem\u00e1tico puede variar conservandose el tema del mismo.<\/p>\n<p>Puede solicitar que se ensamble para dama o caballero, ni\u00f1o o ni\u00f1a ajustando globos tem\u00e1ticos y colores de dise\u00f1o.<\/p>\n","protected":false},"excerpt":{"rendered":"<p>Arreglo de globos con helio: 2 globo de 18 pulgadas tema &#8220;Get Well&#8221; y 6 globos de latex de 9 pulgadas en colores surtidos, se sujetan a una pesa que consta de un globlo con agua forrado en papel de china de colores acordes al globo principal. Nota. El dise\u00f1o de estampado del globo tem\u00e1tico [&hellip;]<\/p>\n","protected":false},"featured_media":670,"template":"","meta":[],"product_brand":[],"product_cat":[28],"product_tag":[],"class_list":{"0":"post-669","1":"product","2":"type-product","3":"status-publish","4":"has-post-thumbnail","6":"product_cat-mejorate-get-well","8":"first","9":"instock","10":"taxable","11":"shipping-taxable","12":"purchasable","13":"product-type-simple"},"jetpack_sharing_enabled":true,"_links":{"self":[{"href":"https:\/\/www.masflores.com.mx\/monterrey\/index.php\/wp-json\/wp\/v2\/product\/669","targetHints":{"allow":["GET"]}}],"collection":[{"href":"https:\/\/www.masflores.com.mx\/monterrey\/index.php\/wp-json\/wp\/v2\/product"}],"about":[{"href":"https:\/\/www.masflores.com.mx\/monterrey\/index.php\/wp-json\/wp\/v2\/types\/product"}],"wp:featuredmedia":[{"embeddable":true,"href":"https:\/\/www.masflores.com.mx\/monterrey\/index.php\/wp-json\/wp\/v2\/media\/670"}],"wp:attachment":[{"href":"https:\/\/www.masflores.com.mx\/monterrey\/index.php\/wp-json\/wp\/v2\/media?parent=669"}],"wp:term":[{"taxonomy":"product_brand","embeddable":true,"href":"https:\/\/www.masflores.com.mx\/monterrey\/index.php\/wp-json\/wp\/v2\/product_brand?post=669"},{"taxonomy":"product_cat","embeddable":true,"href":"https:\/\/www.masflores.com.mx\/monterrey\/index.php\/wp-json\/wp\/v2\/product_cat?post=669"},{"taxonomy":"product_tag","embeddable":true,"href":"https:\/\/www.masflores.com.mx\/monterrey\/index.php\/wp-json\/wp\/v2\/product_tag?post=669"}],"curies":[{"name":"wp","href":"https:\/\/api.w.org\/{rel}","templated":true}]}}