{"id":462,"date":"2022-11-02T22:54:58","date_gmt":"2022-11-03T04:54:58","guid":{"rendered":"https:\/\/masflores.com.mx\/monterrey\/?post_type=product&#038;p=462"},"modified":"2026-05-07T00:36:11","modified_gmt":"2026-05-07T06:36:11","slug":"caja-con-rosas-globo-burbuja","status":"publish","type":"product","link":"https:\/\/www.masflores.com.mx\/monterrey\/index.php\/producto\/caja-con-rosas-globo-burbuja\/","title":{"rendered":"Globo 18p caja con 24 Rosas Rosa"},"content":{"rendered":"<p>Globo Burbuja Transparente de 18 pulgadas inflado con aire, decorado interior globos de l\u00e1tex, texto personalizado en caja con 24 rosas rosa y follajes.<\/p>\n<p><strong>Perzonaliza: Puede llevar una frase o mensaje as\u00ed como tambi\u00e9n en su interior puede sustituirse los globos por papelitos o pintura en colores surtidos o de tu elecci\u00f3n; tambi\u00e9n puede indicarnos el color de la rosa de su preferencia!!! <\/strong><\/p>\n<p><strong>Durante tu proceso de compra ver\u00e1s un cuadro de texto donde podr\u00e1s incluir un mensaje para tarjeta as\u00ed como detallarnos instrucciones y selecciones de color.<\/strong><\/p>\n<p>Si tienes dudas cont\u00e1ctanos por medio de nuestro Chat en l\u00ednea!!!<\/p>\n","protected":false},"excerpt":{"rendered":"<p>Globo Burbuja Transparente de 18 pulgadas inflado con aire, decorado interior globos de l\u00e1tex, texto personalizado en caja con 24 rosas rosa y follajes. Perzonaliza: Puede llevar una frase o mensaje as\u00ed como tambi\u00e9n en su interior puede sustituirse los globos por papelitos o pintura en colores surtidos o de tu elecci\u00f3n; tambi\u00e9n puede indicarnos [&hellip;]<\/p>\n","protected":false},"featured_media":463,"template":"","meta":[],"product_brand":[],"product_cat":[41,29],"product_tag":[],"class_list":{"0":"post-462","1":"product","2":"type-product","3":"status-publish","4":"has-post-thumbnail","6":"product_cat-cajas-novedades","7":"product_cat-globos-personalizados","9":"first","10":"instock","11":"taxable","12":"shipping-taxable","13":"purchasable","14":"product-type-simple"},"jetpack_sharing_enabled":true,"_links":{"self":[{"href":"https:\/\/www.masflores.com.mx\/monterrey\/index.php\/wp-json\/wp\/v2\/product\/462","targetHints":{"allow":["GET"]}}],"collection":[{"href":"https:\/\/www.masflores.com.mx\/monterrey\/index.php\/wp-json\/wp\/v2\/product"}],"about":[{"href":"https:\/\/www.masflores.com.mx\/monterrey\/index.php\/wp-json\/wp\/v2\/types\/product"}],"wp:featuredmedia":[{"embeddable":true,"href":"https:\/\/www.masflores.com.mx\/monterrey\/index.php\/wp-json\/wp\/v2\/media\/463"}],"wp:attachment":[{"href":"https:\/\/www.masflores.com.mx\/monterrey\/index.php\/wp-json\/wp\/v2\/media?parent=462"}],"wp:term":[{"taxonomy":"product_brand","embeddable":true,"href":"https:\/\/www.masflores.com.mx\/monterrey\/index.php\/wp-json\/wp\/v2\/product_brand?post=462"},{"taxonomy":"product_cat","embeddable":true,"href":"https:\/\/www.masflores.com.mx\/monterrey\/index.php\/wp-json\/wp\/v2\/product_cat?post=462"},{"taxonomy":"product_tag","embeddable":true,"href":"https:\/\/www.masflores.com.mx\/monterrey\/index.php\/wp-json\/wp\/v2\/product_tag?post=462"}],"curies":[{"name":"wp","href":"https:\/\/api.w.org\/{rel}","templated":true}]}}