{"id":414,"date":"2022-11-02T20:23:47","date_gmt":"2022-11-03T02:23:47","guid":{"rendered":"https:\/\/masflores.com.mx\/monterrey\/?post_type=product&#038;p=414"},"modified":"2024-02-06T13:02:13","modified_gmt":"2024-02-06T19:02:13","slug":"caja-con-cerveza-y-rosas-01","status":"publish","type":"product","link":"https:\/\/www.masflores.com.mx\/monterrey\/index.php\/producto\/caja-con-cerveza-y-rosas-01\/","title":{"rendered":"Caja con cerveza y rosas 01"},"content":{"rendered":"<p>Para toda ocasi\u00f3n. Caja con 5 cervezas de lata, un tarro cervecero (personalizable con vin\u00edl) y rosas rojas .<\/p>\n<p><strong>Recomendamos solicitarlo con un d\u00eda de anticipaci\u00f3n para programar entrega d\u00eda siguiente a partir de 11am.<\/strong><\/p>\n","protected":false},"excerpt":{"rendered":"<p>Para toda ocasi\u00f3n. Caja con 5 cervezas de lata, un tarro cervecero (personalizable con vin\u00edl) y rosas rojas . Recomendamos solicitarlo con un d\u00eda de anticipaci\u00f3n para programar entrega d\u00eda siguiente a partir de 11am.<\/p>\n","protected":false},"featured_media":415,"template":"","meta":[],"product_brand":[],"product_cat":[41],"product_tag":[],"class_list":{"0":"post-414","1":"product","2":"type-product","3":"status-publish","4":"has-post-thumbnail","6":"product_cat-cajas-novedades","8":"first","9":"outofstock","10":"taxable","11":"shipping-taxable","12":"purchasable","13":"product-type-simple"},"jetpack_sharing_enabled":true,"_links":{"self":[{"href":"https:\/\/www.masflores.com.mx\/monterrey\/index.php\/wp-json\/wp\/v2\/product\/414","targetHints":{"allow":["GET"]}}],"collection":[{"href":"https:\/\/www.masflores.com.mx\/monterrey\/index.php\/wp-json\/wp\/v2\/product"}],"about":[{"href":"https:\/\/www.masflores.com.mx\/monterrey\/index.php\/wp-json\/wp\/v2\/types\/product"}],"wp:featuredmedia":[{"embeddable":true,"href":"https:\/\/www.masflores.com.mx\/monterrey\/index.php\/wp-json\/wp\/v2\/media\/415"}],"wp:attachment":[{"href":"https:\/\/www.masflores.com.mx\/monterrey\/index.php\/wp-json\/wp\/v2\/media?parent=414"}],"wp:term":[{"taxonomy":"product_brand","embeddable":true,"href":"https:\/\/www.masflores.com.mx\/monterrey\/index.php\/wp-json\/wp\/v2\/product_brand?post=414"},{"taxonomy":"product_cat","embeddable":true,"href":"https:\/\/www.masflores.com.mx\/monterrey\/index.php\/wp-json\/wp\/v2\/product_cat?post=414"},{"taxonomy":"product_tag","embeddable":true,"href":"https:\/\/www.masflores.com.mx\/monterrey\/index.php\/wp-json\/wp\/v2\/product_tag?post=414"}],"curies":[{"name":"wp","href":"https:\/\/api.w.org\/{rel}","templated":true}]}}