{"id":3229,"date":"2024-05-23T10:29:33","date_gmt":"2024-05-23T16:29:33","guid":{"rendered":"https:\/\/www.masflores.com.mx\/monterrey\/?post_type=product&#038;p=3229"},"modified":"2026-02-18T18:27:50","modified_gmt":"2026-02-19T00:27:50","slug":"ramo-buchon-100-rosas-m03-2","status":"publish","type":"product","link":"https:\/\/www.masflores.com.mx\/monterrey\/index.php\/producto\/ramo-buchon-100-rosas-m03-2\/","title":{"rendered":"05C Ramo Buch\u00f3n de 100 Rosas"},"content":{"rendered":"<p>Ramo Buch\u00f3n de 100 Rosas con Baby Breath como follaje, envuelto en papel coreano en colores acordes la combinaci\u00f3n de flor.<\/p>\n<p>Lo que distingue a los <strong>ramos buchones<\/strong> es su estilo extravagante y la elegancia desbordante que transmiten. A diferencia de los ramos m\u00e1s cl\u00e1sicos y minimalistas, estos arreglos no temen a la ostentaci\u00f3n.<\/p>\n<p><strong>* Nota:<\/strong> En caso de no especificar colores, su ramo se ensamblara con los colores de rosa que se muestran en la imagen de producto.<\/p>\n<p><strong>\u00a0Somo una florer\u00eda en Monterrey con env\u00edo a domicilio de flores y arreglos\u00a0 dentro de nuestra \u00e1rea metropolitana que incluye Apodaca, Escobedo, Guadalupe, Monterrey, San Nicol\u00e1s, San Pedro y Santa Catarina. Cons\u00faltenos!!!<\/strong><\/p>\n<p>Si te gustar\u00eda agregar un globo o chocolates visita la seccion de extras.<\/p>\n","protected":false},"excerpt":{"rendered":"<p>Ramo Buch\u00f3n de 100 Rosas con Baby Breath como follaje, envuelto en papel coreano en colores acordes la combinaci\u00f3n de flor.<\/p>\n","protected":false},"featured_media":3221,"template":"","meta":[],"product_brand":[],"product_cat":[24],"product_tag":[],"class_list":{"0":"post-3229","1":"product","2":"type-product","3":"status-publish","4":"has-post-thumbnail","6":"product_cat-ramos-bouquets","8":"first","9":"instock","10":"taxable","11":"shipping-taxable","12":"purchasable","13":"product-type-simple"},"jetpack_sharing_enabled":true,"_links":{"self":[{"href":"https:\/\/www.masflores.com.mx\/monterrey\/index.php\/wp-json\/wp\/v2\/product\/3229","targetHints":{"allow":["GET"]}}],"collection":[{"href":"https:\/\/www.masflores.com.mx\/monterrey\/index.php\/wp-json\/wp\/v2\/product"}],"about":[{"href":"https:\/\/www.masflores.com.mx\/monterrey\/index.php\/wp-json\/wp\/v2\/types\/product"}],"wp:featuredmedia":[{"embeddable":true,"href":"https:\/\/www.masflores.com.mx\/monterrey\/index.php\/wp-json\/wp\/v2\/media\/3221"}],"wp:attachment":[{"href":"https:\/\/www.masflores.com.mx\/monterrey\/index.php\/wp-json\/wp\/v2\/media?parent=3229"}],"wp:term":[{"taxonomy":"product_brand","embeddable":true,"href":"https:\/\/www.masflores.com.mx\/monterrey\/index.php\/wp-json\/wp\/v2\/product_brand?post=3229"},{"taxonomy":"product_cat","embeddable":true,"href":"https:\/\/www.masflores.com.mx\/monterrey\/index.php\/wp-json\/wp\/v2\/product_cat?post=3229"},{"taxonomy":"product_tag","embeddable":true,"href":"https:\/\/www.masflores.com.mx\/monterrey\/index.php\/wp-json\/wp\/v2\/product_tag?post=3229"}],"curies":[{"name":"wp","href":"https:\/\/api.w.org\/{rel}","templated":true}]}}