{"id":319,"date":"2022-11-01T16:59:56","date_gmt":"2022-11-01T22:59:56","guid":{"rendered":"https:\/\/masflores.com.mx\/monterrey\/?post_type=product&#038;p=319"},"modified":"2026-02-26T17:25:19","modified_gmt":"2026-02-26T23:25:19","slug":"alcatraces-frida","status":"publish","type":"product","link":"https:\/\/www.masflores.com.mx\/monterrey\/index.php\/producto\/alcatraces-frida\/","title":{"rendered":"Alcatraces Frida"},"content":{"rendered":"<p>Elegante arreglo con 10 alcatraces y finos follajes.<\/p>\n<p>Arreglo esbelto y alto ideal para ambientar espacios amplios.<\/p>\n<p>No olvides agregar un mensaje durante el proceso de compra.<br \/>\nSi te gustar\u00eda a\u00f1adir un globo o chocolates visita la secci\u00f3n de extras.<\/p>\n<p>Un arreglo indicado para gustos cl\u00e1sicos.<\/p>\n","protected":false},"excerpt":{"rendered":"<p>Elegante arreglo con 10 alcatraces y finos follajes. Arreglo esbelto y alto ideal para ambientar espacios amplios. No olvides agregar un mensaje durante el proceso de compra. Si te gustar\u00eda a\u00f1adir un globo o chocolates visita la secci\u00f3n de extras. Un arreglo indicado para gustos cl\u00e1sicos.<\/p>\n","protected":false},"featured_media":5957,"template":"","meta":[],"product_brand":[],"product_cat":[23,36],"product_tag":[],"class_list":{"0":"post-319","1":"product","2":"type-product","3":"status-publish","4":"has-post-thumbnail","6":"product_cat-cruz-funeral","7":"product_cat-alegres-festivos","9":"first","10":"instock","11":"taxable","12":"shipping-taxable","13":"purchasable","14":"product-type-simple"},"jetpack_sharing_enabled":true,"_links":{"self":[{"href":"https:\/\/www.masflores.com.mx\/monterrey\/index.php\/wp-json\/wp\/v2\/product\/319","targetHints":{"allow":["GET"]}}],"collection":[{"href":"https:\/\/www.masflores.com.mx\/monterrey\/index.php\/wp-json\/wp\/v2\/product"}],"about":[{"href":"https:\/\/www.masflores.com.mx\/monterrey\/index.php\/wp-json\/wp\/v2\/types\/product"}],"wp:featuredmedia":[{"embeddable":true,"href":"https:\/\/www.masflores.com.mx\/monterrey\/index.php\/wp-json\/wp\/v2\/media\/5957"}],"wp:attachment":[{"href":"https:\/\/www.masflores.com.mx\/monterrey\/index.php\/wp-json\/wp\/v2\/media?parent=319"}],"wp:term":[{"taxonomy":"product_brand","embeddable":true,"href":"https:\/\/www.masflores.com.mx\/monterrey\/index.php\/wp-json\/wp\/v2\/product_brand?post=319"},{"taxonomy":"product_cat","embeddable":true,"href":"https:\/\/www.masflores.com.mx\/monterrey\/index.php\/wp-json\/wp\/v2\/product_cat?post=319"},{"taxonomy":"product_tag","embeddable":true,"href":"https:\/\/www.masflores.com.mx\/monterrey\/index.php\/wp-json\/wp\/v2\/product_tag?post=319"}],"curies":[{"name":"wp","href":"https:\/\/api.w.org\/{rel}","templated":true}]}}