{"id":177,"date":"2022-10-30T23:34:07","date_gmt":"2022-10-30T23:34:07","guid":{"rendered":"https:\/\/masflores.com.mx\/monterrey\/?post_type=product&#038;p=177"},"modified":"2025-06-18T14:52:27","modified_gmt":"2025-06-18T20:52:27","slug":"corona-01a","status":"publish","type":"product","link":"https:\/\/www.masflores.com.mx\/monterrey\/index.php\/producto\/corona-01a\/","title":{"rendered":"Corona F\u00fanebre 01a Rosas Rojas"},"content":{"rendered":"<p>Corona para funeral con arreglo floral en rosas rojas, spider y follajes. 110cm de diametro. El adorno floral puede ensamblarse en BLANCO, AMARILLO, ROSA o ROJO. El circulo base es blanco.<\/p>\n<p><strong>IMPORTANTE<\/strong>:<\/p>\n<ul>\n<li>Al realizar su pedido considere que el nombre de a quien se dirige su arreglo es el de la persona fallecida ya que este es el registrado en el acceso a funeraria o capilla de velaci\u00f3n.<\/li>\n<li>De ser posibile le pedimos informaci\u00f3n de duraci\u00f3n del servicio f\u00fanebre: horario de inicio y\/o de finalizaci\u00f3n. Estos datos puede colocarlos en el espacio de Informaci\u00f3n adiciolnal duracte su proceso de compra junto con el texto para su banda y\/o tarjeta.<\/li>\n<li><strong>Nuestro tiempo de entrega es de un M\u00cdNIMOde 3 horas a partir de colocado su pedido, cons\u00faltenos.<\/strong><\/li>\n<li><strong>Debe solicitarse antes de las 6pm para env\u00edos de mismo d\u00eda.<\/strong><\/li>\n<li><strong>Si su pedido es colocado para el d\u00eda siguiente se programa para entrega a partir de las 10am.<\/strong><\/li>\n<\/ul>\n<p>Entre otras entregamos en:<br \/>\nCapillas Gayosso Marianas, Capillas Benito M. Flores, Capillas Valle de la Paz en sus diferentes sucursales,<br \/>\nCapillas Protecto dentro del \u00c1rea Metropolitana de Monterrey, Capillas Del Carmen, Funerales Dolores,<br \/>\nFunerales Gonz\u00e1lez, Funerales Raymundo S\u00e1nchez, Capillas FNSI, Capillas ERFIN, Funerales Hern\u00e1ndez,<br \/>\nFunerales Mart\u00ednez, Capillas ISSSTE, FIBESO, Jardines de Juan Pablo, Capillas Guadalupe Premier, Funerales Del Pueblo, Serorrey Funerales,<br \/>\nCapillas La Pur\u00edsima, Funerarias Jard\u00edn de los Pinos, Latinoamericana Recinto Funeral.<\/p>\n","protected":false},"excerpt":{"rendered":"<p>Corona f\u00fanebre con arreglo floral en rosas rojas, spider y follajes. 110cm de diametro. El adorno floral puede ensamblarse en BLANCO, AMARILLO, ROSA o ROJO. El circulo base es blanco.<\/p>\n","protected":false},"featured_media":2796,"template":"","meta":[],"product_brand":[],"product_cat":[20],"product_tag":[61,62,59,60,58],"class_list":{"0":"post-177","1":"product","2":"type-product","3":"status-publish","4":"has-post-thumbnail","6":"product_cat-coronas-y-tripies","7":"product_tag-condolencias","8":"product_tag-difunto","9":"product_tag-funeral","10":"product_tag-funeraria","11":"product_tag-sepelio","13":"first","14":"instock","15":"taxable","16":"shipping-taxable","17":"purchasable","18":"product-type-simple"},"jetpack_sharing_enabled":true,"_links":{"self":[{"href":"https:\/\/www.masflores.com.mx\/monterrey\/index.php\/wp-json\/wp\/v2\/product\/177","targetHints":{"allow":["GET"]}}],"collection":[{"href":"https:\/\/www.masflores.com.mx\/monterrey\/index.php\/wp-json\/wp\/v2\/product"}],"about":[{"href":"https:\/\/www.masflores.com.mx\/monterrey\/index.php\/wp-json\/wp\/v2\/types\/product"}],"wp:featuredmedia":[{"embeddable":true,"href":"https:\/\/www.masflores.com.mx\/monterrey\/index.php\/wp-json\/wp\/v2\/media\/2796"}],"wp:attachment":[{"href":"https:\/\/www.masflores.com.mx\/monterrey\/index.php\/wp-json\/wp\/v2\/media?parent=177"}],"wp:term":[{"taxonomy":"product_brand","embeddable":true,"href":"https:\/\/www.masflores.com.mx\/monterrey\/index.php\/wp-json\/wp\/v2\/product_brand?post=177"},{"taxonomy":"product_cat","embeddable":true,"href":"https:\/\/www.masflores.com.mx\/monterrey\/index.php\/wp-json\/wp\/v2\/product_cat?post=177"},{"taxonomy":"product_tag","embeddable":true,"href":"https:\/\/www.masflores.com.mx\/monterrey\/index.php\/wp-json\/wp\/v2\/product_tag?post=177"}],"curies":[{"name":"wp","href":"https:\/\/api.w.org\/{rel}","templated":true}]}}

Corona Fúnebre 01a Rosas Rojas

<p>Corona para funeral con arreglo floral en rosas rojas, spider y follajes. 110cm de diametro. El adorno floral puede ensamblarse en BLANCO, AMARILLO, ROSA o ROJO. El circulo base es blanco.</p>
<p><strong>IMPORTANTE</strong>:</p>
<ul>
<li>Al realizar su pedido considere que el nombre de a quien se dirige su arreglo es el de la persona fallecida ya que este es el registrado en el acceso a funeraria o capilla de velación.</li>
<li>De ser posibile le pedimos información de duración del servicio fúnebre: horario de inicio y/o de finalización. Estos datos puede colocarlos en el espacio de Información adiciolnal duracte su proceso de compra junto con el texto para su banda y/o tarjeta.</li>
<li><strong>Nuestro tiempo de entrega es de un MÍNIMOde 3 horas a partir de colocado su pedido, consúltenos.</strong></li>
<li><strong>Debe solicitarse antes de las 6pm para envíos de mismo día.</strong></li>
<li><strong>Si su pedido es colocado para el día siguiente se programa para entrega a partir de las 10am.</strong></li>
</ul>
<p>Entre otras entregamos en:<br />
Capillas Gayosso Marianas, Capillas Benito M. Flores, Capillas Valle de la Paz en sus diferentes sucursales,<br />
Capillas Protecto dentro del Área Metropolitana de Monterrey, Capillas Del Carmen, Funerales Dolores,<br />
Funerales González, Funerales Raymundo Sánchez, Capillas FNSI, Capillas ERFIN, Funerales Hernández,<br />
Funerales Martínez, Capillas ISSSTE, FIBESO, Jardines de Juan Pablo, Capillas Guadalupe Premier, Funerales Del Pueblo, Serorrey Funerales,<br />
Capillas La Purísima, Funerarias Jardín de los Pinos, Latinoamericana Recinto Funeral.</p>

<p>Corona fúnebre con arreglo floral en rosas rojas, spider y follajes. 110cm de diametro. El adorno floral puede ensamblarse en BLANCO, AMARILLO, ROSA o ROJO. El circulo base es blanco.</p>
