{"id":3,"date":"2020-11-03T21:24:38","date_gmt":"2020-11-03T21:24:38","guid":{"rendered":"https:\/\/masflores.com.mx\/monterrey\/?page_id=3"},"modified":"2025-11-06T14:31:34","modified_gmt":"2025-11-06T20:31:34","slug":"privacy-policy","status":"publish","type":"page","link":"https:\/\/www.masflores.com.mx\/monterrey\/index.php\/privacy-policy\/","title":{"rendered":"Aviso de Privacidad"},"content":{"rendered":"\n<h2 class=\"wp-block-heading\"><strong>Aviso de privacidad MasFlores.com.mx<\/strong><\/h2>\n\n\n\n<p>El presente Aviso de Privacidad tiene como fin primordial dar cumplimiento a lo establecido por la Ley Federal de Protecci\u00f3n de Datos Personales en Posesi\u00f3n de los Particulares, (en adelante, la &#8220;Ley&#8221;) por parte de www.masflores.com.mx (en adelante \u201cMasFlores.com.mx\u201d) d\u00e1ndoles a conocer nuestra pol\u00edtica de privacidad y tratamiento de sus datos personales.<\/p>\n\n\n\n<h3 class=\"wp-block-heading\"><strong>\u00bfDe d\u00f3nde recopilamos la informaci\u00f3n?<\/strong><\/h3>\n\n\n\n<p>Obtenemos la informaci\u00f3n de la p\u00e1gina de internet www.masflores.com.mx cuando nuestros clientes o consultantes llenan nuestro formato de contacto, se registran a trav\u00e9s de nuestra p\u00e1gina web o piden informaci\u00f3n v\u00eda telef\u00f3nica para realizar una compra. Sabemos que la informaci\u00f3n que obtenemos de nuestros clientes, es privada y por ello, nuestro compromiso es garantizar el uso adecuado, l\u00edcito, diligente y controlado de la misma.<\/p>\n\n\n\n<h3 class=\"wp-block-heading\"><strong>Su aceptaci\u00f3n a esta pol\u00edtica de privacidad<\/strong><\/h3>\n\n\n\n<p>Al proporcionar informaci\u00f3n personal a MasFlores.com.mx, usted confirma que est\u00e1 de acuerdo con los t\u00e9rminos de nuestra pol\u00edtica actual tal y como se presenta en este documento. Si no est\u00e1 de acuerdo con cualquier t\u00e9rmino de esta pol\u00edtica, por favor no proporcione ning\u00fan tipo de informaci\u00f3n personal. Si opta por no proporcionar Informaci\u00f3n Personal, es posible que no pueda llevar a cabo ciertas actividades como acceso a diversas \u00e1reas de nuestras p\u00e1ginas de Internet, como puede ser: compras, promociones, requerir cotizaciones o enviarnos correos electr\u00f3nicos.<\/p>\n\n\n\n<h3 class=\"wp-block-heading\"><strong>C\u00f3mo Usamos su Informaci\u00f3n<\/strong><\/h3>\n\n\n\n<p>Cuando nos proporcione su Informaci\u00f3n Personal, nosotros solamente la utilizaremos para el prop\u00f3sito espec\u00edfico para el que fue recabada (para pedir informaci\u00f3n sobre su compra o env\u00edo). Tambi\u00e9n podremos utilizar su Informaci\u00f3n Personal por conducto de los responsables de la marca encargada de la p\u00e1gina de Internet o de la promoci\u00f3n, as\u00ed como por nuestras otras marcas, para contactarlo respecto de otros productos y servicios que podr\u00edan ser de inter\u00e9s para usted (incluyendo los que podr\u00edamos ofrecer conjuntamente con otras compa\u00f1\u00edas). Sin embargo, en cualquier momento usted podr\u00e1 optar por dejar de proporcionar \u00e9sta informaci\u00f3n.<\/p>\n\n\n\n<h3 class=\"wp-block-heading\"><strong>\u00bfCu\u00e1les son los medios para limitar el uso o divulgaci\u00f3n de la informaci\u00f3n?<\/strong><\/h3>\n\n\n\n<p>&#8220;MasFlores.com.mx&#8221; se gana la confianza de sus clientes en el momento en que utiliza medios y procedimientos t\u00e9cnicos, administrativos y digitales adecuados para proteger su informaci\u00f3n. &#8220;MasFlores.com.mx&#8221; no comparte los datos personales de sus clientes con personas ajenas a ella, a menos que contemos con su expreso consentimiento, que la legislaci\u00f3n vigente lo se\u00f1ale, o que el cliente contrate otro producto y\/o servicio a trav\u00e9s de &#8220;MasFlores.com.mx&#8221;, en cuyo caso, el presente aviso de privacidad servir\u00e1 para otorgar su consentimiento para compartir y\/o transferir los datos personales con dicha(s) empresa(s), solo en caso de que sea necesario. Mantenemos los datos de nuestros clientes por el tiempo razonablemente necesario, tomando en cuenta las disposiciones legales aplicables. El cliente de &#8220;MasFlores.com.mx&#8221; debe tener la confianza de que sus datos no ser\u00e1n usados para fines distintos a los establecidos en este Aviso de Privacidad, as\u00ed como de cualquier otro producto y\/o servicio, que en su caso se llegue a formalizar a trav\u00e9s de &#8220;MasFlores.com.mx&#8221;.<\/p>\n\n\n\n<h3 class=\"wp-block-heading\"><strong>Transferencia de Informaci\u00f3n.<\/strong><\/h3>\n\n\n\n<p>El cliente de &#8220;MasFlores.com.mx&#8221; debe tener la confianza de que sus datos no ser\u00e1n transferidos a terceras personas sin su expreso consentimiento, salvo aquellos casos antes se\u00f1alados y los establecidos en el art\u00edculo 37 de la \u201cLey\u201d.<\/p>\n\n\n\n<h3 class=\"wp-block-heading\"><strong>Seguridad de Sus Datos Financieros<\/strong><\/h3>\n\n\n\n<p>Para el caso de la informaci\u00f3n financiera como tarjetas de cr\u00e9dito y d\u00e9bito, \u201cMasFlores.com.mx\u201d no conserva la informaci\u00f3n dentro de sus bases de datos, \u201cMasFlores.com.mx\u201d tampoco participa en el proceso d\u00f3nde se le solicita informaci\u00f3n sobre sus tarjetas de Cr\u00e9dito o D\u00e9bito, para este servicio se tiene contratadas a las empresas internacionalmente reconocidas en medios de pagos: PayPal y MercadoPago, quienes cuentan con sus propias pol\u00edticas de seguridad y de privacidad, \u201cMasFlores.com.mx\u201d no se hace responsable por faltas a las pol\u00edticas de las empresas mencionadas en este p\u00e1rrafo.<\/p>\n\n\n\n<h3 class=\"wp-block-heading\"><strong>Cambios en el Aviso de Privacidad.<\/strong><\/h3>\n\n\n\n<p>Cualquier modificaci\u00f3n total o parcial al presente Aviso de Privacidad se dar\u00e1 a conocer a nuestros clientes directamente en nuestro sitio en internet www.masflores.com.mx.<\/p>\n\n\n\n<h2 class=\"wp-block-heading\"><strong>A Qui\u00e9n Contactar<\/strong><\/h2>\n\n\n\n<p>Por favor escr\u00edbanos al Servicio de Atenci\u00f3n a Consumidores en M\u00e9xico contacto@masflores.com.mx o llame al (811) 931 &#8211; 7341, Monterrey, N.L. M\u00e9xico en caso de que tenga preguntas o dudas sobre esta Pol\u00edtica o para reportar cualquier violaci\u00f3n a la misma. \u201cMasFlores.com.mx\u201d har\u00e1 todo lo posible por tomar las acciones necesarias para cumplir con las solicitudes que se nos presenten.<\/p>\n","protected":false},"excerpt":{"rendered":"<p>Aviso de privacidad MasFlores.com.mx El presente Aviso de Privacidad tiene como fin primordial dar cumplimiento a lo establecido por la Ley Federal de Protecci\u00f3n de Datos Personales en Posesi\u00f3n de los Particulares, (en adelante, la &#8220;Ley&#8221;) por parte de www.masflores.com.mx (en adelante \u201cMasFlores.com.mx\u201d) d\u00e1ndoles a conocer nuestra pol\u00edtica de privacidad y tratamiento de sus datos [&hellip;]<\/p>\n","protected":false},"author":1,"featured_media":0,"parent":0,"menu_order":0,"comment_status":"closed","ping_status":"closed","template":"","meta":{"footnotes":""},"class_list":["post-3","page","type-page","status-publish","hentry"],"jetpack_sharing_enabled":true,"_links":{"self":[{"href":"https:\/\/www.masflores.com.mx\/monterrey\/index.php\/wp-json\/wp\/v2\/pages\/3","targetHints":{"allow":["GET"]}}],"collection":[{"href":"https:\/\/www.masflores.com.mx\/monterrey\/index.php\/wp-json\/wp\/v2\/pages"}],"about":[{"href":"https:\/\/www.masflores.com.mx\/monterrey\/index.php\/wp-json\/wp\/v2\/types\/page"}],"author":[{"embeddable":true,"href":"https:\/\/www.masflores.com.mx\/monterrey\/index.php\/wp-json\/wp\/v2\/users\/1"}],"replies":[{"embeddable":true,"href":"https:\/\/www.masflores.com.mx\/monterrey\/index.php\/wp-json\/wp\/v2\/comments?post=3"}],"version-history":[{"count":1,"href":"https:\/\/www.masflores.com.mx\/monterrey\/index.php\/wp-json\/wp\/v2\/pages\/3\/revisions"}],"predecessor-version":[{"id":94,"href":"https:\/\/www.masflores.com.mx\/monterrey\/index.php\/wp-json\/wp\/v2\/pages\/3\/revisions\/94"}],"wp:attachment":[{"href":"https:\/\/www.masflores.com.mx\/monterrey\/index.php\/wp-json\/wp\/v2\/media?parent=3"}],"curies":[{"name":"wp","href":"https:\/\/api.w.org\/{rel}","templated":true}]}}